Let k be 15/35 - (-18)/7. Let x(b) = 3*b + 2. Let y(s) = -3*s - 4. Let h(p) = -4*x(p) - 3*y(p). What is h(k)?
-5
Let s(q) = 21*q - q**3 - 46*q + 33*q + 4 + 6*q**2. What is s(7)?
11
Let a(n) be the third derivative of n**4/24 - 4*n**3/3 + 71*n**2 + 2. Calculate a(0).
-8
Let p(i) = -2*i + 2*i**2 - 3 + 0 + i**3 - 2*i. Let z = 96 + -38. Let g = 56 - z. What is p(g)?
5
Suppose 3*b = -r + 2*b + 8, 2*b - 28 = -5*r. Let p(v) = v**3 - 3*v**2 + 4. Determine p(r).
20
Let t(u) = -u**3 + 5*u**2 + 6*u + 1. Let y be t(6). Let m(r) = -11*r + 6. Let z(j) = 22*j - 13. Let k(h) = 13*m(h) + 6*z(h). Calculate k(y).
-11
Let h(x) = x**2 - 9*x + 5. Let n be (-15)/6*(-54)/15. Suppose 0 = -5*a + n*a + 4. Let b(d) = -5*d**3 + 2*d**2 + 2*d + 1. Let w be b(a). Calculate h(w).
-13
Let h(q) be the second derivative of -q**4/12 - q**3/2 - q**2/2 - 3*q - 5. Calculate h(-4).
-5
Let n(z) = -4*z + 1. Let q(a) = 5*a - 2. Let b(m) = 4*n(m) + 3*q(m). Suppose -5*h = -u + 28, -2*h = 4*u - 0*h - 2. Let i = 6 - u. Calculate b(i).
-5
Let o(u) = -u**3 + u. Suppose -4*r + 1 = -47. Let k be 2/6 - (-8)/r. Give o(k).
0
Let p(y) = -y**3 + 5*y**2 - 2*y - 4. Let f(j) = -5 - j + 31 - 18. Let a be f(5). What is p(a)?
8
Let p be 1 - 4/(8/14). Let o(u) = -11*u**2 + 8*u. Let n(j) = -11*j**2 + 7*j. Let f(c) = p*o(c) + 7*n(c). Give f(-1).
-12
Let z be (31/(-279))/(2/(-6)). Let f(v) be the third derivative of 0*v - z*v**3 + 0 - 1/12*v**4 + v**2. Determine f(4).
-10
Let l(t) = 2*t - 6. Suppose -5*c + 2 = 3*y - 1, 2*y - 2 = -c. Let v be (-2 - (2 - c)) + 10. Give l(v).
6
Let t be 9/(-12) - 57/(-12). Suppose -3*h + x = t*x, 3*h + 4*x = 4. Let z(d) = d**2 + 4*d + 1. Determine z(h).
1
Let w(l) = 43*l + 1 + 3 - 35*l. Let j(k) = k. Let b(m) = -4*j(m) + w(m). Let s = -15 - -12. What is b(s)?
-8
Let a(v) be the first derivative of -11 - v**2 + 2*v + 1/4*v**4 + 5/3*v**3. Calculate a(-5).
12
Let f(q) = q**2 - 5*q - 2. Let r(w) = -w**3 + 7*w**2 - 8*w + 4. Let s be r(5). Let c be ((s/3)/(12/(-18)))/(-1). What is f(c)?
12
Let z(k) = k**3 - 7*k**2 + 5*k + 5. Let y = -223 - -229. Determine z(y).
-1
Let l(n) = 17*n - 98. Let u be l(6). Let x(h) = -h**3 + 4*h**2 + 4*h - 1. Determine x(u).
15
Let i(l) be the first derivative of l**3/3 - l**2 - 46. Let b(x) = -7*x**2 + 7*x + 1. Let f(v) = b(v) + 6*i(v). What is f(-6)?
-5
Let u(i) = -3*i - 22. Let n(v) = -5. Let s(z) = -6*n(z) + u(z). What is s(-7)?
29
Let d(b) = -4*b**3 - 3*b**2 + 4*b + 6. Let i be d(-1). Let h(k) = 2*k**3 - 4*k**2 + k + 2. What is h(i)?
23
Let l(t) = 12*t. Suppose 2*w = -2*w - 3*o + 39, 3*w + 2*o - 29 = 0. Suppose 3*b + 1 = -5*r, 0 = -0*r + r - 4*b - w. What is l(r)?
12
Let j(n) be the second derivative of 0 - 1/6*n**3 + 2*n**2 + 15*n. What is j(9)?
-5
Let z(q) = -2*q + 7. Let j = -3 + 7. Let u be (0 + -1)*(-16 - -1). Suppose r = j*r - u. Give z(r).
-3
Suppose 28 = 27*u - 23*u. Let v(p) = 7*p + 0*p - 20 + 2*p. Let l(r) = 5*r - 10. Let h(m) = 5*l(m) - 3*v(m). Determine h(u).
-4
Let d(t) = t**2 + 5*t + 8. Suppose 2*b - 4 = 3*n + 16, -3*b + 20 = -2*n. Determine d(n).
4
Let c = -10 + 0. Let l be c/(-5) - 2*1. Suppose 2*f + 1 - 11 = l. Let p(g) = -g**3 + 4*g**2 + 6*g - 5. Calculate p(f).
0
Let m(k) = -3*k**2 + 13*k. Let i be m(5). Let l be (-6)/i*1*5/(-1). Let h(y) be the first derivative of -y**2 - y - 2. Calculate h(l).
5
Suppose -j - 6 = -3*j. Let f(x) be the third derivative of x**5/30 - x**4/8 - x**3/2 - 3120*x**2. Determine f(j).
6
Let t(o) = 3*o**2 + 44*o - 19. Let j(a) = -2*a**2 - 31*a + 13. Let h(r) = 7*j(r) + 5*t(r). Give h(-3).
-4
Let i(y) = -4*y**2 + 3*y - 7. Let k(r) = -5*r**2 + 4*r - 6. Let f(c) = 6*i(c) - 5*k(c). Give f(5).
3
Let x(h) be the first derivative of -h**4/4 - 4*h**3/3 + 3*h**2/2 - h - 40. What is x(-5)?
9
Let l(p) be the first derivative of p**3 + p**2 - 13*p + 2. Let b(k) = -k**2 - k + 4. Let c = 35 - 46. Let m(g) = c*b(g) - 4*l(g). Give m(6).
-10
Let k(j) = j - 4. Let g(b) = -2*b + 4. Suppose -5*d + 2*d = 12. Let p be g(d). Suppose p = -8*z + 11*z. Determine k(z).
0
Let f(k) = -k**3 + 4*k**2 - 5*k + 3. Suppose 9*h + 111 = 138. Give f(h).
-3
Let b(u) be the first derivative of -u**4/24 - 3*u**3 + 2*u**2 + 6. Let q(j) be the second derivative of b(j). What is q(0)?
-18
Let a(u) = -2*u**2 + 23*u - 56. Let h be a(7). Let v(m) be the second derivative of -m**5/20 + 7*m**4/12 + m**3/3 - 4*m**2 + m. Calculate v(h).
6
Let k(g) = -g**2 - 12*g - 8. Let y be k(-11). Suppose -y*m = 11 + 19. Let o be (-7)/5 - 4/m. Let w(t) = t. What is w(o)?
-1
Let o(u) = -u + 2. Let b(i) = 2*i - 5. Let m = -75 + 71. Let h(t) = m*b(t) - 9*o(t). Give h(3).
5
Let q(a) = 6*a**2 + 2*a + 2. Let k = 363 + -365. Determine q(k).
22
Let x be (-18)/4*(-6)/9. Let s(f) = -2 - 3*f**2 - f**2 + 7*f**2 + f**x - 2*f. Suppose -56*b + 12 = -62*b. Calculate s(b).
6
Let w(i) = -i**3 + 4*i**2 + 4*i + 4. Let y = 1 + 2. Let m be ((-10)/(-7))/(-2 - (-15)/7). Suppose 0*k - 2*q = -3*k + 5, -y*q - m = -5*k. Determine w(k).
-1
Let n(x) = x**3 + 12*x**2 + 10*x - 14. Let q = 1605 + -1616. Determine n(q).
-3
Let z(x) = -3*x**3 - x + 1. Let k(y) = -2*y**2 - 32*y - 29. Let t be k(-15). Calculate z(t).
-3
Let w(d) = -4*d**2 - 9*d + 11. Let g(z) = 3*z**2 + 8*z - 13. Let a(q) = 3*g(q) + 2*w(q). Determine a(-8).
-1
Let a(g) = 12*g + 131 + g - 132 + 5*g. Calculate a(1).
17
Let w = 3 - -6. Let m be (-6)/w + (-1)/3. Let i(j) = -3*j**3 - 7*j**2 - 44*j + 43*j + 6*j**2 - 1. Determine i(m).
2
Let g(n) = n**3 + 8*n**2 + 16*n. Let b be g(-3). Let w = 1 + 1. Let j(x) = x + w*x - 4*x - 4. Calculate j(b).
-1
Let l(g) be the second derivative of 0 - 7*g + 1/6*g**3 - 1/4*g**4 - 1/20*g**5 - 1/2*g**2. Give l(-2).
-7
Let x(i) be the second derivative of -i**3/2 + 2*i**2 + 3*i - 4. What is x(-4)?
16
Let c(v) = -1 + 4*v + 0 + 0 - 2. Let z be c(2). Let d(l) = -l**3 + 6*l**2 + l - 3. Let p(k) = -k. Let n(t) = -d(t) - 3*p(t). Calculate n(z).
-12
Let o = -1137 + 1149. Let g(b) = -2*b**2 + 23*b + 11. Determine g(o).
-1
Let x(p) = 11*p**3 + 14*p**2 + 8*p + 9. Let q(l) = -2*l**3 - 2*l**2 - l - 1. Let y(c) = 6*q(c) + x(c). What is y(3)?
0
Suppose -2*w - 4 = 3*n - 6*n, 2*n - 8 = 0. Let x(v) = 5*v - 53. Let o be x(11). Let s(i) = -2*i**o - 2*i**3 - 3*i**3 - 3 - 3*i + 0 + w*i**3. Calculate s(-2).
3
Suppose -2*j + 5 = -1. Let l(x) be the first derivative of x**2/2 - 2*x + 2358. Determine l(j).
1
Let i be (9 - 12)/(1/(-20)). Let x(f) = -i + 26 + 2*f + 33. Let w be -3 + 0 - (-1)/1. Calculate x(w).
-5
Suppose 0 = -4*s + 3 - 15. Let c(o) = -5*o - 10. Let g be c(s). Let d(r) = 2*r + 7. Calculate d(g).
17
Let g(y) = 8*y. Let h = -31 + 27. Let u(s) = s**3 + 4*s**2 - s - 5. Let w be u(h). Give g(w).
-8
Let s(q) = q**3 + 5*q**2 + 2*q - 4. Let a be s(-3). Let t(k) = -a*k + 2*k + 5 + 5*k - 4. What is t(4)?
-3
Let z(t) = t**3 + t + 1. Suppose 0 = 5*m - 10, -2*y + 2*m = -3*y + 66. Let i = -62 + y. Calculate z(i).
1
Let g(l) = -2*l - 4. Let o(y) = 23*y + 31. Let s(w) = 8*g(w) + o(w). Determine s(2).
13
Suppose -5*x - 4 = -3*x. Let k(m) = 3*m**3 - 4*m**2 + 1. Let j(v) = v**3 + v. Let a(c) = x*j(c) + k(c). Give a(4).
-7
Let x(s) = 2*s**2 + 5*s + 1. Let t(p) = 24*p - 2. Let o be t(2). Let v = o - 30. Let k = 12 - v. Give x(k).
13
Let t(h) = -11 - 9 - 4*h - 4*h + 21. Let y = -144 - -99. Let p be 100/y + (-4)/(-18). Give t(p).
17
Let v(t) be the third derivative of -t**5/60 + t**4/8 + t**3/6 - 85*t**2 - t. Calculate v(-1).
-3
Suppose 4*y - 18 = 2*y. Let d be (-1)/1 - (-6)/(-2) - y. Let i(j) = j**2 + 12*j - 8. Give i(d).
5
Let v(b) = -6*b - 2. Suppose -6*w + 460 = 472. Calculate v(w).
10
Let g(c) be the second derivative of -c**4/12 + 11*c**3/6 + 27*c**2/2 - 351*c. Give g(13).
1
Let l(r) = -8*r + 7. Let g be l(-5). Suppose -3*p + g = -88. Suppose 4*f + 2*z = -26, 6*f = f - 5*z - p. Let o(y) = 2*y - 5. What is o(f)?
-13
Let s(f) be the third derivative of 0 + 0*f + 13*f**2 + 1/60*f**5 - 1/2*f**3 + 5/24*f**4. Let n be (1/(-2))/(1/10). Determine s(n).
-3
Let f(m) = 5*m. Suppose 3*c = -0 - 3. Determine f(c).
-5
Let o(a) = 3*a + 3. Let t(v) = -3*v - 3. Let p(r) = 5*o(r) + 6*t(r). Give p(4).
-15
Let o(x) = x**3 - 6*x**2 + 2*x - 3. Let d(c) = -2*c**3 + 13*c**2 - 3*c + 7. Let r(v) = 2*d(v) + 5*o(v). Let y be r(2). Let a(n) = 9*n**3 + n**2. What is a(y)?
-8
Let q(z) = -3*z + 1. Let s(x) = 8*x. Let b be s(1). Let g = b - 7. Let u be (2 + g)*12/(-9). Cal